71. Is h a composite number?
False
Let q = 6397 + -2246. Is q a prime number?
False
Suppose -4*n - 5267 = -3*y - 2*n, 0 = 4*y + 2*n - 7046. Is y a prime number?
True
Let s(c) = -3 + 5*c**2 - 2*c**3 + 14*c**2 - 3 + c**3 - 9*c. Is s(11) composite?
False
Suppose k = -25*k + 320476. Is k prime?
False
Let l be -10*-2*4/(-16). Let m = l - 13. Is (587/(-3))/(m/54) composite?
False
Let w(j) be the second derivative of 7*j**6/90 - j**5/120 + j**4/12 - j**3/3 - j. Let c(z) be the second derivative of w(z). Is c(-3) a prime number?
True
Suppose 0*i - i = 7. Let m be ((-12)/i)/(4/14). Let d(k) = 97*k - 23. Is d(m) a composite number?
True
Let u(v) = 3*v**2 - 6*v. Let m be u(3). Let o = 6 - m. Is (5 + o)*46/4 a prime number?
True
Let q(t) = 356*t**3 + 2*t**2 - 3*t - 3. Let z be q(-2). Let b = z - -4752. Is b prime?
False
Let z(b) = 742*b - 63. Is z(5) a composite number?
True
Suppose i - 6 = -i. Suppose v - 12 = k - v, 3*k + i*v = 0. Let u(q) = -134*q + 5. Is u(k) composite?
False
Let r(o) = -3 + 0 - 2*o - o**2 - o - 2*o. Let q be r(-3). Suppose -32 = -2*s + 2*k, -7 = q*s - 5*k - 49. Is s a composite number?
False
Is 8/10 + 2875770/225 + -1 a prime number?
True
Is ((-950)/20)/(-19)*457*2 composite?
True
Suppose -3*a = 2*q + 2, -5*a + 5*q - 2*q = -3. Suppose a = -2*m + m + 4. Suppose -2485 = -y - m*y. Is y prime?
False
Let i(s) = -472*s**3 + 5*s**2 + 8*s + 7. Is i(-2) a composite number?
True
Let a(y) = -129*y - 58. Let t be 3*(2 - 7) - -4. Is a(t) a composite number?
False
Let g = 32098 - 19647. Is g prime?
True
Let w(d) = 2*d**2 + 14*d - 21. Let l be w(-8). Let q(s) be the third derivative of -7*s**4/12 - s**3/6 - s**2. Is q(l) prime?
False
Let d = -40 - -45. Suppose -a - 5*n + 922 = 324, -2845 = -d*a + 4*n. Is a composite?
True
Suppose -442529 + 1481204 = -15*o. Is ((-6)/(-10))/((-11)/o) a prime number?
False
Is (-2*(-1172)/8)/((-1)/(-19)) composite?
True
Let i = -2665 - -5127. Suppose -5*b = -3*a - 6142, 0*a + 4*a = -2*b + i. Is b a prime number?
True
Let k be 5*-3*(-1)/3. Suppose -3*q = -9, k*s - 2*q - 1976 = q. Is s a composite number?
False
Let f = 89 - 87. Is ((-45)/54)/(f/(-8796)) a composite number?
True
Let q = -5468 - -18691. Is q composite?
True
Suppose 9*u - 1290756 = -231123. Is u prime?
False
Let a(n) = n + 22. Let r be a(-13). Suppose -4*j = -r + 1. Suppose -k = -j*k + 257. Is k prime?
True
Let s = 557 - 292. Is s a prime number?
False
Let f(z) = -12*z**3 - z**2 + 4*z + 1. Suppose -15*r - 30 = -10*r. Is f(r) composite?
True
Let p be (-9)/6 + 21/(-6). Let x be 0 + p/((-10)/222). Suppose 0 = n + y - x, -n - 8 = 2*y - 117. Is n a composite number?
False
Suppose 4*t = -669 - 587. Let f = t - -525. Is f a composite number?
False
Let x(g) = 12444*g**2 + 6*g - 1. Is x(-1) a composite number?
False
Let r = -21760 - -35461. Is r composite?
True
Suppose 2*v + r + 6 = 21, -2*v + 20 = 2*r. Let t be 4 + -3 + 0 + 329. Suppose v*q - t = -q. Is q composite?
True
Let p(t) = -t**3 - 6*t**2 + 2*t - 5. Let c be p(-6). Let g = 17 + c. Suppose b - 3*w = -g*w + 113, -339 = -3*b + 5*w. Is b a prime number?
True
Let i(z) be the third derivative of 9*z**5/20 + z**4/2 - 5*z**3/6 + 10*z**2. Is i(-4) composite?
False
Suppose 5*d - 5*b - 10 = 0, 5*d + 0*b + 20 = -5*b. Is 1 - (-131 + (-1)/d) prime?
True
Is 8*13/(-312) + 135844/3 a composite number?
False
Suppose -9761 = -5*l + 4*c, 3*l - 7*c - 5835 = -10*c. Is l a composite number?
False
Let u = -16 - -14. Is u/3 + ((-44086)/(-6))/7 a composite number?
False
Let b be 2 - (1/(-3))/(3/9). Let j(p) = -p**3 + 5*p**2 + 8*p - 8. Let m be j(6). Suppose 0 = 2*k + m*n - 62, 117 = b*k - 0*k - 2*n. Is k composite?
False
Let k = -24050 + 138083. Is k composite?
True
Let i(v) = v**2 - 5*v + 2. Let z(u) = u. Let t(w) = i(w) + 3*z(w). Suppose 0*d + 4*d - 28 = 0. Is t(d) a prime number?
True
Suppose 4*c - 21 = -5*b, -c - 3*c + 2*b = -14. Let w = 69 + -57. Is (c/w)/((-2)/(-318)) a composite number?
False
Suppose 5*r - 6 + 2 = -2*l, -3*r + 8 = 2*l. Let o(f) = 173*f + 44. Is o(l) a composite number?
True
Let c = 7 - 5. Suppose c*j + 6 = -5*p + 4*p, -3*p - 13 = 5*j. Suppose 5*q - 1000 = -5*d, -2*d + 420 = 2*q - p*d. Is q composite?
True
Let f be 2/10 - 384/(-80). Let n be 45/(-18)*6/f. Is n*(-3)/(-27)*-1005 composite?
True
Is ((-134)/(-4))/(18/1908) prime?
False
Suppose 5*t = -5*d - 0*t + 30, -6 = d - 3*t. Suppose -555 = -d*f + 198. Is f a composite number?
False
Let f(q) = q**2 + 11*q - 17. Let z be f(-14). Suppose -1 = -2*p + z. Is p/(-26) + (-3262)/(-4) prime?
False
Suppose 5*p + 80 = 4*d, 0*d + 2*p - 60 = -3*d. Let j = d - 9. Suppose 8*x - j*x = -957. Is x composite?
True
Let w be (-3 - 0)/((-6)/4). Suppose 3*r + 3*h - 2443 = -w*h, -3*r = -4*h - 2479. Is r a prime number?
True
Suppose 2*w = -0*w + 8. Suppose w*z = -z + 25. Suppose 0 = -z*q + 6598 + 3147. Is q a prime number?
True
Is (644/(-184))/((-1)/16858) a prime number?
False
Is (7 + (-408)/16)*-74 composite?
True
Suppose 4*g - 25 = -3*z + 7, 2*z + g - 18 = 0. Let h be z/(432/(-217) + 2). Suppose 2*d - h = -2*d. Is d composite?
True
Suppose -12*q - 5*z - 23699 = -13*q, -5*q - 5*z = -118615. Is q a prime number?
True
Suppose 73669 = 3*b + 27016. Is b a composite number?
False
Suppose -14 + 5 = -3*m. Let z(h) = 12*h + 2. Is z(m) a composite number?
True
Suppose 1492 = -6*o + 10*o. Let s be (-4)/6 - (-7774)/6. Suppose b - 4*l - o - 264 = 0, l + s = 2*b. Is b a prime number?
False
Let c = 5714 + 239. Is c prime?
True
Let c(f) = 205*f**2 + 2*f + 7. Let p(u) = -103*u**2 - u - 3. Let h(d) = -3*c(d) - 5*p(d). Let i(g) be the first derivative of h(g). Is i(-1) a prime number?
True
Let z(b) = 398*b**2 + b + 1. Let u be z(-1). Suppose -u = -2*l + 348. Is l composite?
False
Suppose -3*z - 5*y + 25986 = 0, -4*z + 4*y + 32171 = -2445. Suppose z = 5*t - k, 5*t - t + 3*k = 6918. Is t composite?
True
Let n = -300 + 576. Let y = n - -463. Is y a prime number?
True
Let c(b) = 3*b**2 + 36*b - 16. Is c(13) prime?
False
Let z(b) = 2*b**2 + 17*b - 39. Suppose -r + 4*g + 56 = 3*r, 0 = r - 3*g - 10. Is z(r) a composite number?
True
Suppose 8 = -5*g + g + 5*o, 4*o = 16. Suppose 0 = 8*p - g*p - 725. Is p a prime number?
False
Let a be (16/48)/(1/(-3)). Let h be -1*((a - 0) + -2861). Is h/7 - 1/(-7) composite?
False
Is 132 + -5 + 8 + 4 a prime number?
True
Let x = 343 + 95. Suppose -9*i + 2433 = -x. Is i composite?
True
Suppose -6*z = -2*x - z + 6, -5*z - 15 = -5*x. Let y = 4 - x. Is 147/y + (-4 - -6) a composite number?
False
Is (-4)/1 - (-482)/4*126 a composite number?
True
Let v(n) = -n**3 - 16*n**2 + 9*n + 18. Let q be v(-15). Is -4 + q*10/(-4) prime?
False
Suppose -2*s - 4 = -6*s. Suppose -a + s = 10. Is 400/18 - (-2)/a a prime number?
False
Let d be ((-6)/1)/(3/(-2)). Suppose d*c = 5011 - 1635. Suppose 3*k + k = c. Is k composite?
False
Let p(u) = -1186*u**3 - 2*u - 1. Is p(-1) composite?
False
Let l(w) be the second derivative of 5*w**4/3 + 2*w**3/3 + 7*w**2/2 - 14*w. Suppose j + 5*i = -2*j + 5, 2*j + 18 = 2*i. Is l(j) a prime number?
True
Suppose 6*y - 13950 = 28632. Is y a composite number?
True
Suppose -172362 = -450*m + 444*m. Is m a prime number?
False
Suppose a = -3 + 2, 5*a + 22 = i. Let p(w) = 8*w**2 - 19*w - 20. Is p(i) a composite number?
True
Let l(t) = -722*t**2 - 3. Let n(h) = -2166*h**2 - 8. Let p(o) = 17*l(o) - 6*n(o). Is p(2) prime?
False
Let n(h) = 798*h**2 - 11*h - 42. Is n(7) prime?
False
Suppose -14 + 2 = 6*u. Is 0 + u/(6/(-111)) composite?
False
Let n(h) = 10*h**2 + 24*h + 67. Is n(-15) a prime number?
False
Suppose 0 = 2*x - 4*s - 822, -5*x + 6*x + s - 414 = 0. Is x prime?
False
Let y(u) = 182*u**2 + 6*u - 27. Let f be y(11). Suppose -2*c = 5*s - f, -2*s - 4*c - 4421 = -3*s. Is s composite?
True
Suppose 2*f - 15 = -3*f. Suppose -5*p = 0, 0*w + f*p = 3*w + 96. Let r = w - -99. Is r prime?
True
Suppose 0 = 3*f - h - 261 - 143, 394 = 3*f + 4*h. Suppose u + 5*d + 5 = 0, -2*d + 0 - 2 = -5*u. Suppose u = -2*m + 4*m - f. Is m a prime number?
True
Suppose -19239 - 12646 = -7*k. Is k prime?
False
Suppose -153755 + 6868 = -13*w. Is w a prime number?
True
Suppose 4*s - 29556 = -2*m, 4*s + 2641 = 2*m + 32213. Let c = 2221 + s. Suppose -5*u - 3547 = -c. Is u a composite number?
False
Suppose -11*a + 5965 = -1097. Let v = -457 + a. Is v composite?
True
Let g be (17/(-3))/((-12)/4032). Suppo